6
Calculate the greatest common divisor of 35 and 14418.
1
What is the highest common factor of 4919772 and 32604?
1716
Calculate the greatest common factor of 1950 and 1185120.
30
Calculate the greatest common factor of 475005 and 58005.
15
Calculate the greatest common factor of 2392356 and 3066.
438
What is the greatest common divisor of 9408 and 5850012?
588
What is the highest common factor of 19969391 and 65?
13
What is the greatest common divisor of 11030266 and 377?
377
What is the greatest common factor of 1195918 and 620?
62
What is the greatest common divisor of 15450895 and 190?
95
Calculate the greatest common factor of 82616 and 350669.
449
What is the highest common factor of 8303 and 5730875?
361
Calculate the highest common divisor of 15974996 and 51724.
772
What is the greatest common divisor of 133071316 and 56?
28
Calculate the highest common divisor of 15660 and 1116480.
60
Calculate the highest common factor of 77094520 and 12640.
3160
What is the highest common divisor of 358 and 37399007?
179
Calculate the highest common factor of 1600 and 11022560.
160
What is the greatest common divisor of 1140 and 5902160?
380
Calculate the highest common divisor of 621 and 1764836.
23
What is the highest common divisor of 13380 and 44220?
60
Calculate the greatest common factor of 506160 and 464208.
912
Calculate the greatest common divisor of 12 and 300724.
4
What is the greatest common factor of 3619 and 19789?
77
What is the highest common factor of 2817154 and 2?
2
Calculate the greatest common factor of 5799822 and 12138.
714
What is the greatest common divisor of 9327812 and 52?
52
What is the highest common factor of 730 and 104384890?
730
Calculate the greatest common divisor of 143594 and 2518202.
122
What is the highest common divisor of 55 and 31030835?
55
Calculate the greatest common factor of 1723410276 and 456.
228
What is the highest common factor of 47539 and 1644?
137
Calculate the greatest common factor of 126 and 50748796.
14
Calculate the greatest common divisor of 62130 and 2207040.
570
What is the greatest common factor of 76766 and 122878?
262
What is the highest common factor of 200340 and 14040?
540
What is the highest common factor of 648 and 278680?
8
What is the greatest common divisor of 57307325 and 475?
475
What is the highest common divisor of 874016 and 6578?
286
What is the greatest common factor of 44744 and 753032?
952
Calculate the greatest common factor of 28 and 1258996760.
28
What is the highest common divisor of 3082 and 452786?
134
What is the highest common divisor of 5217 and 2710866?
141
Calculate the greatest common divisor of 336 and 59610684.
84
What is the greatest common divisor of 992602 and 65?
13
Calculate the highest common factor of 11 and 44298419.
11
Calculate the highest common factor of 29 and 186684107.
29
What is the highest common factor of 11808 and 112133088?
288
What is the greatest common factor of 1736 and 106770696?
248
Calculate the highest common factor of 28 and 21004508.
28
What is the greatest common factor of 4604 and 1838147?
1151
Calculate the greatest common factor of 899319 and 144159.
87
What is the greatest common factor of 84827059 and 31349?
667
What is the greatest common factor of 11960751 and 516?
129
Calculate the highest common divisor of 12 and 226465968.
12
What is the greatest common factor of 31077130 and 1890?
70
Calculate the greatest common factor of 90773250 and 7620.
3810
Calculate the greatest common factor of 375779365 and 8385.
2795
Calculate the greatest common factor of 561 and 10600469.
187
Calculate the highest common factor of 107475 and 21225.
75
What is the highest common factor of 170814 and 31872498?
3486
What is the highest common divisor of 394 and 95670489?
197
What is the greatest common divisor of 864224 and 170168?
1912
Calculate the highest common divisor of 7178 and 2175322.
194
What is the greatest common factor of 15054 and 534?
6
Calculate the highest common divisor of 604 and 44910873.
151
Calculate the highest common factor of 21186 and 48339.
9
Calculate the highest common factor of 21777 and 37264.
17
Calculate the highest common divisor of 6 and 43661571.
3
What is the greatest common divisor of 1156110229 and 1486?
743
Calculate the highest common divisor of 172 and 15397612.
172
What is the highest common divisor of 18611466 and 427?
61
What is the greatest common factor of 1591860 and 536640?
2580
Calculate the highest common factor of 66154 and 32209.
31
What is the highest common divisor of 4072493 and 2123?
193
What is the highest common factor of 11033967 and 19551?
1029
What is the highest common divisor of 21281032 and 5480?
1096
What is the greatest common divisor of 43871325 and 975?
75
What is the highest common factor of 347715954 and 18?
18
What is the highest common divisor of 1216 and 6262208?
64
What is the highest common divisor of 52925 and 9860?
145
Calculate the greatest common factor of 3632144 and 40552.
1096
What is the greatest common factor of 6618 and 1944?
6
What is the greatest common divisor of 6954412 and 12?
4
Calculate the highest common factor of 462 and 3713622.
66
What is the greatest common factor of 5007746 and 96?
2
What is the highest common factor of 296274533 and 835?
167
What is the greatest common factor of 35777 and 4598017?
269
Calculate the highest common factor of 43235403 and 86581.
7871
Calculate the greatest common factor of 646 and 34229279.
323
Calculate the greatest common factor of 3799710 and 5130.
270
Calculate the highest common factor of 115875 and 3147577.
103
What is the greatest common factor of 6122 and 2793676748?
6122
Calculate the highest common factor of 286011797 and 6572.
1643
What is the highest common divisor of 120989 and 1437656?
187
What is the highest common divisor of 21045 and 1707451?
1403
Calculate the greatest common factor of 29262 and 21342.
6
Calculate the greatest common factor of 1638872700 and 600.
300
Calculate the greatest common divisor of 529361025 and 225.
75
What is the greatest common divisor of 872056425 and 75?
75
What is the greatest common factor of 2675 and 2967125?
25
What is the highest common factor of 11284446 and 12?
6
Calculate the greatest common divisor of 113077866 and 83780.
8378
Calculate the greatest common factor of 297924 and 185.
37
Calculate the greatest common factor of 4262804 and 5488.
1372
What is the highest common factor of 156665158 and 442?
26
What is the greatest common factor of 2288 and 182509536?
176
Calculate the greatest common factor of 3556361 and 4209.
61
Calculate the highest common factor of 233715846 and 19.
19
What is the greatest common factor of 7597 and 104725?
71
What is the highest common divisor of 125342 and 152782?
98
What is the greatest common divisor of 840 and 579138?
42
Calculate the greatest common factor of 75 and 105793095.
15
Calculate the greatest common factor of 3653382 and 48.
6
What is the highest common divisor of 390026130 and 166?
166
Calculate the highest common factor of 2491435 and 68.
17
Calculate the highest common factor of 127551 and 27132.
51
What is the greatest common divisor of 14444 and 2126764?
92
Calculate the highest common factor of 1134 and 5122957.
7
What is the greatest common factor of 110500 and 4936375?
2125
What is the highest common factor of 304 and 532504032?
304
What is the greatest common divisor of 60 and 20629710?
30
Calculate the highest common divisor of 4320 and 353376.
864
What is the greatest common factor of 72927 and 149577?
219
What is the highest common divisor of 3262 and 2114?
14
Calculate the highest common divisor of 82005 and 341.
11
Calculate the greatest common divisor of 1330965 and 18495.
135
Calculate the highest common divisor of 33685938 and 1012.
506
Calculate the highest common divisor of 11 and 241710.
1
What is the greatest common factor of 4641695 and 515?
515
Calculate the greatest common divisor of 856 and 1221112.
8
What is the greatest common factor of 11820 and 27612?
12
What is the highest common factor of 125 and 952205?
5
What is the highest common divisor of 10522487 and 86?
43
What is the highest common divisor of 1152030276 and 18?
18
What is the highest common factor of 30567229 an